{"id":6381,"date":"2022-11-24T07:08:29","date_gmt":"2022-11-24T06:08:29","guid":{"rendered":"https:\/\/www.festival-armoricourt.com\/?page_id=6381"},"modified":"2024-02-15T18:22:10","modified_gmt":"2024-02-15T17:22:10","slug":"prix-et-recompenses","status":"publish","type":"page","link":"https:\/\/festival-armoricourt.com\/index.php\/edition-14-2022\/prix-et-recompenses\/","title":{"rendered":"PRIX &#038; RECOMPENSES"},"content":{"rendered":"\n<figure class=\"wp-block-image size-full\"><a href=\"https:\/\/www.festival-armoricourt.com\/wp-content\/uploads\/2022\/11\/2022_Logo-Palmes-Armoricourt-selection-officielle.jpg\"><img decoding=\"async\" src=\"https:\/\/www.festival-armoricourt.com\/wp-content\/uploads\/2022\/11\/2022_Logo-Palmes-Armoricourt-selection-officielle.jpg\" alt=\"\" class=\"wp-image-6389\"\/><\/a><\/figure>\n\n\n\n<p>\u00c0 l&rsquo;issue de la derni\u00e8re s\u00e9ance de projection, samedi 26 novembre, ce fut l&rsquo;heure du palmar\u00e8s. Aucun des films de la s\u00e9lection (<a href=\"https:\/\/www.festival-armoricourt.com\/edition-14-2022\/programme\/\">voir la page programme<\/a>) n&rsquo;a d\u00e9m\u00e9rit\u00e9.  Ils pr\u00e9sentaient tous de belles qualit\u00e9s tant au niveau du th\u00e8me, que du jeu des acteurs et de la r\u00e9alisation. Mais c&rsquo;est la loi du genre, \u00e0 la fin, il faut un palmar\u00e8s et c&rsquo;est ainsi que le samedi soir les prix suivants ont \u00e9t\u00e9 attribu\u00e9s :<\/p>\n\n\n\n<ul class=\"wp-block-list\">\n<li>Prix de l&rsquo;invit\u00e9e d&rsquo;honneur (<a href=\"https:\/\/www.festival-armoricourt.com\/linvitee-dhonneur\/\">Pauline Seigland<\/a>) : <strong>\u00ab\u00a0Cloche petite aux merveilles du pays\u00a0\u00bb<\/strong>, d\u2019<strong>Anthony Brinig<\/strong><\/li>\n\n\n\n<li>Prix du public : <strong>\u00ab\u00a0Blues\u00a0\u00bb<\/strong>, d\u2019<strong>Arma Lux<\/strong><\/li>\n\n\n\n<li>Prix du Comit\u00e9 Armoricourt : <strong>\u00ab\u00a0\u00c0 la l\u00e9g\u00e8re\u00a0\u00bb<\/strong>, de <strong>Bertrand Latouche<\/strong><\/li>\n\n\n\n<li>Mention sp\u00e9ciale d&rsquo;interpr\u00e9tation attribu\u00e9e par notre invit\u00e9e d&rsquo;honneur aux deux acteurs du film \u00ab\u00a0Un homme \u00e0 la mer\u00a0\u00bb, de Roman Huet : <strong>Martin Gossens<\/strong> et <strong>Olivia Smets<\/strong><\/li>\n<\/ul>\n\n\n\n<p><\/p>\n\n\n\n<figure class=\"wp-block-image size-full\"><a href=\"https:\/\/www.festival-armoricourt.com\/wp-content\/uploads\/2022\/12\/2022-11-laureats-2.jpg\"><img decoding=\"async\" src=\"https:\/\/www.festival-armoricourt.com\/wp-content\/uploads\/2022\/12\/2022-11-laureats-2.jpg\" alt=\"\" class=\"wp-image-6401\"\/><\/a><figcaption class=\"wp-element-caption\">Les laur\u00e9ats du Festival Armoricourt 2022<\/figcaption><\/figure>\n\n\n\n<p>Une belle \u00e9dition dont on esp\u00e8re qu&rsquo;elle donnera envie au public de venir encore plus nombreux l&rsquo;an prochain pour la 15e. On en reparlera dans nos news. Continuez \u00e0 suivre l&rsquo;actualit\u00e9 d&rsquo;Armoricourt.<\/p>\n\n\n\n<p><br \/>Armoricourt remercie tous ses partenaires institutionnels, commerciaux et culturels sans lesquels ce Festival n&rsquo;existerait pas. <a href=\"https:\/\/www.festival-armoricourt.com\/infos-pratiques\/partenaires\/\">Qui sont nos sponsors<\/a>.<\/p>\n","protected":false},"excerpt":{"rendered":"<p>\u00c0 l&rsquo;issue de la derni\u00e8re s\u00e9ance de projection, samedi 26 novembre, ce fut l&rsquo;heure du palmar\u00e8s. Aucun des films de la s\u00e9lection (voir la page programme) n&rsquo;a d\u00e9m\u00e9rit\u00e9. Ils pr\u00e9sentaient tous de belles qualit\u00e9s tant au niveau du th\u00e8me, que du jeu des acteurs et de la r\u00e9alisation. Mais c&rsquo;est la loi du genre, \u00e0 [&hellip;]<\/p>\n","protected":false},"author":3,"featured_media":0,"parent":6091,"menu_order":0,"comment_status":"closed","ping_status":"closed","template":"","meta":{"ocean_post_layout":"","ocean_both_sidebars_style":"","ocean_both_sidebars_content_width":0,"ocean_both_sidebars_sidebars_width":0,"ocean_sidebar":"0","ocean_second_sidebar":"0","ocean_disable_margins":"enable","ocean_add_body_class":"","ocean_shortcode_before_top_bar":"","ocean_shortcode_after_top_bar":"","ocean_shortcode_before_header":"","ocean_shortcode_after_header":"","ocean_has_shortcode":"","ocean_shortcode_after_title":"","ocean_shortcode_before_footer_widgets":"","ocean_shortcode_after_footer_widgets":"","ocean_shortcode_before_footer_bottom":"","ocean_shortcode_after_footer_bottom":"","ocean_display_top_bar":"default","ocean_display_header":"default","ocean_header_style":"","ocean_center_header_left_menu":"0","ocean_custom_header_template":"0","ocean_custom_logo":0,"ocean_custom_retina_logo":0,"ocean_custom_logo_max_width":0,"ocean_custom_logo_tablet_max_width":0,"ocean_custom_logo_mobile_max_width":0,"ocean_custom_logo_max_height":0,"ocean_custom_logo_tablet_max_height":0,"ocean_custom_logo_mobile_max_height":0,"ocean_header_custom_menu":"0","ocean_menu_typo_font_family":"0","ocean_menu_typo_font_subset":"","ocean_menu_typo_font_size":0,"ocean_menu_typo_font_size_tablet":0,"ocean_menu_typo_font_size_mobile":0,"ocean_menu_typo_font_size_unit":"px","ocean_menu_typo_font_weight":"","ocean_menu_typo_font_weight_tablet":"","ocean_menu_typo_font_weight_mobile":"","ocean_menu_typo_transform":"","ocean_menu_typo_transform_tablet":"","ocean_menu_typo_transform_mobile":"","ocean_menu_typo_line_height":0,"ocean_menu_typo_line_height_tablet":0,"ocean_menu_typo_line_height_mobile":0,"ocean_menu_typo_line_height_unit":"","ocean_menu_typo_spacing":0,"ocean_menu_typo_spacing_tablet":0,"ocean_menu_typo_spacing_mobile":0,"ocean_menu_typo_spacing_unit":"","ocean_menu_link_color":"","ocean_menu_link_color_hover":"","ocean_menu_link_color_active":"","ocean_menu_link_background":"","ocean_menu_link_hover_background":"","ocean_menu_link_active_background":"","ocean_menu_social_links_bg":"","ocean_menu_social_hover_links_bg":"","ocean_menu_social_links_color":"","ocean_menu_social_hover_links_color":"","ocean_disable_title":"default","ocean_disable_heading":"default","ocean_post_title":"","ocean_post_subheading":"","ocean_post_title_style":"","ocean_post_title_background_color":"","ocean_post_title_background":0,"ocean_post_title_bg_image_position":"","ocean_post_title_bg_image_attachment":"","ocean_post_title_bg_image_repeat":"","ocean_post_title_bg_image_size":"","ocean_post_title_height":0,"ocean_post_title_bg_overlay":0.5,"ocean_post_title_bg_overlay_color":"","ocean_disable_breadcrumbs":"default","ocean_breadcrumbs_color":"","ocean_breadcrumbs_separator_color":"","ocean_breadcrumbs_links_color":"","ocean_breadcrumbs_links_hover_color":"","ocean_display_footer_widgets":"default","ocean_display_footer_bottom":"default","ocean_custom_footer_template":"0","footnotes":""},"class_list":["post-6381","page","type-page","status-publish","hentry","entry"],"yoast_head":"<!-- This site is optimized with the Yoast SEO plugin v27.0 - https:\/\/yoast.com\/product\/yoast-seo-wordpress\/ -->\n<title>PRIX &amp; RECOMPENSES - Festival Armoricourt<\/title>\n<meta name=\"robots\" content=\"index, follow, max-snippet:-1, max-image-preview:large, max-video-preview:-1\" \/>\n<link rel=\"canonical\" href=\"https:\/\/festival-armoricourt.com\/index.php\/edition-14-2022\/prix-et-recompenses\/\" \/>\n<meta property=\"og:locale\" content=\"fr_FR\" \/>\n<meta property=\"og:type\" content=\"article\" \/>\n<meta property=\"og:title\" content=\"PRIX &amp; RECOMPENSES - Festival Armoricourt\" \/>\n<meta property=\"og:description\" content=\"\u00c0 l&rsquo;issue de la derni\u00e8re s\u00e9ance de projection, samedi 26 novembre, ce fut l&rsquo;heure du palmar\u00e8s. Aucun des films de la s\u00e9lection (voir la page programme) n&rsquo;a d\u00e9m\u00e9rit\u00e9. Ils pr\u00e9sentaient tous de belles qualit\u00e9s tant au niveau du th\u00e8me, que du jeu des acteurs et de la r\u00e9alisation. Mais c&rsquo;est la loi du genre, \u00e0 [&hellip;]\" \/>\n<meta property=\"og:url\" content=\"https:\/\/festival-armoricourt.com\/index.php\/edition-14-2022\/prix-et-recompenses\/\" \/>\n<meta property=\"og:site_name\" content=\"Festival Armoricourt\" \/>\n<meta property=\"article:publisher\" content=\"https:\/\/www.facebook.com\/armoricourt\" \/>\n<meta property=\"article:modified_time\" content=\"2024-02-15T17:22:10+00:00\" \/>\n<meta property=\"og:image\" content=\"https:\/\/www.festival-armoricourt.com\/wp-content\/uploads\/2022\/11\/2022_Logo-Palmes-Armoricourt-selection-officielle.jpg\" \/>\n<meta name=\"twitter:card\" content=\"summary_large_image\" \/>\n<meta name=\"twitter:label1\" content=\"Dur\u00e9e de lecture estim\u00e9e\" \/>\n\t<meta name=\"twitter:data1\" content=\"2 minutes\" \/>\n<script type=\"application\/ld+json\" class=\"yoast-schema-graph\">{\"@context\":\"https:\/\/schema.org\",\"@graph\":[{\"@type\":\"WebPage\",\"@id\":\"https:\/\/festival-armoricourt.com\/index.php\/edition-14-2022\/prix-et-recompenses\/\",\"url\":\"https:\/\/festival-armoricourt.com\/index.php\/edition-14-2022\/prix-et-recompenses\/\",\"name\":\"PRIX & RECOMPENSES - Festival Armoricourt\",\"isPartOf\":{\"@id\":\"https:\/\/festival-armoricourt.com\/#website\"},\"primaryImageOfPage\":{\"@id\":\"https:\/\/festival-armoricourt.com\/index.php\/edition-14-2022\/prix-et-recompenses\/#primaryimage\"},\"image\":{\"@id\":\"https:\/\/festival-armoricourt.com\/index.php\/edition-14-2022\/prix-et-recompenses\/#primaryimage\"},\"thumbnailUrl\":\"https:\/\/www.festival-armoricourt.com\/wp-content\/uploads\/2022\/11\/2022_Logo-Palmes-Armoricourt-selection-officielle.jpg\",\"datePublished\":\"2022-11-24T06:08:29+00:00\",\"dateModified\":\"2024-02-15T17:22:10+00:00\",\"breadcrumb\":{\"@id\":\"https:\/\/festival-armoricourt.com\/index.php\/edition-14-2022\/prix-et-recompenses\/#breadcrumb\"},\"inLanguage\":\"fr-FR\",\"potentialAction\":[{\"@type\":\"ReadAction\",\"target\":[\"https:\/\/festival-armoricourt.com\/index.php\/edition-14-2022\/prix-et-recompenses\/\"]}]},{\"@type\":\"ImageObject\",\"inLanguage\":\"fr-FR\",\"@id\":\"https:\/\/festival-armoricourt.com\/index.php\/edition-14-2022\/prix-et-recompenses\/#primaryimage\",\"url\":\"https:\/\/www.festival-armoricourt.com\/wp-content\/uploads\/2022\/11\/2022_Logo-Palmes-Armoricourt-selection-officielle.jpg\",\"contentUrl\":\"https:\/\/www.festival-armoricourt.com\/wp-content\/uploads\/2022\/11\/2022_Logo-Palmes-Armoricourt-selection-officielle.jpg\"},{\"@type\":\"BreadcrumbList\",\"@id\":\"https:\/\/festival-armoricourt.com\/index.php\/edition-14-2022\/prix-et-recompenses\/#breadcrumb\",\"itemListElement\":[{\"@type\":\"ListItem\",\"position\":1,\"name\":\"Accueil\",\"item\":\"https:\/\/festival-armoricourt.com\/\"},{\"@type\":\"ListItem\",\"position\":2,\"name\":\"\u00c9DITION 14 &#8211; 2022\",\"item\":\"https:\/\/festival-armoricourt.com\/index.php\/edition-14-2022\/\"},{\"@type\":\"ListItem\",\"position\":3,\"name\":\"PRIX &#038; RECOMPENSES\"}]},{\"@type\":\"WebSite\",\"@id\":\"https:\/\/festival-armoricourt.com\/#website\",\"url\":\"https:\/\/festival-armoricourt.com\/\",\"name\":\"Festival Armoricourt\",\"description\":\"Decouvrir des courts m\u00e9trages de qualit\u00e9, et rencontrer ceux qui les font\",\"publisher\":{\"@id\":\"https:\/\/festival-armoricourt.com\/#organization\"},\"potentialAction\":[{\"@type\":\"SearchAction\",\"target\":{\"@type\":\"EntryPoint\",\"urlTemplate\":\"https:\/\/festival-armoricourt.com\/?s={search_term_string}\"},\"query-input\":{\"@type\":\"PropertyValueSpecification\",\"valueRequired\":true,\"valueName\":\"search_term_string\"}}],\"inLanguage\":\"fr-FR\"},{\"@type\":\"Organization\",\"@id\":\"https:\/\/festival-armoricourt.com\/#organization\",\"name\":\"Armoricourt\",\"url\":\"https:\/\/festival-armoricourt.com\/\",\"logo\":{\"@type\":\"ImageObject\",\"inLanguage\":\"fr-FR\",\"@id\":\"https:\/\/festival-armoricourt.com\/#\/schema\/logo\/image\/\",\"url\":\"https:\/\/festival-armoricourt.com\/wp-content\/uploads\/2023\/10\/cropped-2023-logo-armoricourt-1280.jpg\",\"contentUrl\":\"https:\/\/festival-armoricourt.com\/wp-content\/uploads\/2023\/10\/cropped-2023-logo-armoricourt-1280.jpg\",\"width\":1280,\"height\":351,\"caption\":\"Armoricourt\"},\"image\":{\"@id\":\"https:\/\/festival-armoricourt.com\/#\/schema\/logo\/image\/\"},\"sameAs\":[\"https:\/\/www.facebook.com\/armoricourt\"]}]}<\/script>\n<!-- \/ Yoast SEO plugin. -->","yoast_head_json":{"title":"PRIX & RECOMPENSES - Festival Armoricourt","robots":{"index":"index","follow":"follow","max-snippet":"max-snippet:-1","max-image-preview":"max-image-preview:large","max-video-preview":"max-video-preview:-1"},"canonical":"https:\/\/festival-armoricourt.com\/index.php\/edition-14-2022\/prix-et-recompenses\/","og_locale":"fr_FR","og_type":"article","og_title":"PRIX & RECOMPENSES - Festival Armoricourt","og_description":"\u00c0 l&rsquo;issue de la derni\u00e8re s\u00e9ance de projection, samedi 26 novembre, ce fut l&rsquo;heure du palmar\u00e8s. Aucun des films de la s\u00e9lection (voir la page programme) n&rsquo;a d\u00e9m\u00e9rit\u00e9. Ils pr\u00e9sentaient tous de belles qualit\u00e9s tant au niveau du th\u00e8me, que du jeu des acteurs et de la r\u00e9alisation. Mais c&rsquo;est la loi du genre, \u00e0 [&hellip;]","og_url":"https:\/\/festival-armoricourt.com\/index.php\/edition-14-2022\/prix-et-recompenses\/","og_site_name":"Festival Armoricourt","article_publisher":"https:\/\/www.facebook.com\/armoricourt","article_modified_time":"2024-02-15T17:22:10+00:00","og_image":[{"url":"https:\/\/www.festival-armoricourt.com\/wp-content\/uploads\/2022\/11\/2022_Logo-Palmes-Armoricourt-selection-officielle.jpg","type":"","width":"","height":""}],"twitter_card":"summary_large_image","twitter_misc":{"Dur\u00e9e de lecture estim\u00e9e":"2 minutes"},"schema":{"@context":"https:\/\/schema.org","@graph":[{"@type":"WebPage","@id":"https:\/\/festival-armoricourt.com\/index.php\/edition-14-2022\/prix-et-recompenses\/","url":"https:\/\/festival-armoricourt.com\/index.php\/edition-14-2022\/prix-et-recompenses\/","name":"PRIX & RECOMPENSES - Festival Armoricourt","isPartOf":{"@id":"https:\/\/festival-armoricourt.com\/#website"},"primaryImageOfPage":{"@id":"https:\/\/festival-armoricourt.com\/index.php\/edition-14-2022\/prix-et-recompenses\/#primaryimage"},"image":{"@id":"https:\/\/festival-armoricourt.com\/index.php\/edition-14-2022\/prix-et-recompenses\/#primaryimage"},"thumbnailUrl":"https:\/\/www.festival-armoricourt.com\/wp-content\/uploads\/2022\/11\/2022_Logo-Palmes-Armoricourt-selection-officielle.jpg","datePublished":"2022-11-24T06:08:29+00:00","dateModified":"2024-02-15T17:22:10+00:00","breadcrumb":{"@id":"https:\/\/festival-armoricourt.com\/index.php\/edition-14-2022\/prix-et-recompenses\/#breadcrumb"},"inLanguage":"fr-FR","potentialAction":[{"@type":"ReadAction","target":["https:\/\/festival-armoricourt.com\/index.php\/edition-14-2022\/prix-et-recompenses\/"]}]},{"@type":"ImageObject","inLanguage":"fr-FR","@id":"https:\/\/festival-armoricourt.com\/index.php\/edition-14-2022\/prix-et-recompenses\/#primaryimage","url":"https:\/\/www.festival-armoricourt.com\/wp-content\/uploads\/2022\/11\/2022_Logo-Palmes-Armoricourt-selection-officielle.jpg","contentUrl":"https:\/\/www.festival-armoricourt.com\/wp-content\/uploads\/2022\/11\/2022_Logo-Palmes-Armoricourt-selection-officielle.jpg"},{"@type":"BreadcrumbList","@id":"https:\/\/festival-armoricourt.com\/index.php\/edition-14-2022\/prix-et-recompenses\/#breadcrumb","itemListElement":[{"@type":"ListItem","position":1,"name":"Accueil","item":"https:\/\/festival-armoricourt.com\/"},{"@type":"ListItem","position":2,"name":"\u00c9DITION 14 &#8211; 2022","item":"https:\/\/festival-armoricourt.com\/index.php\/edition-14-2022\/"},{"@type":"ListItem","position":3,"name":"PRIX &#038; RECOMPENSES"}]},{"@type":"WebSite","@id":"https:\/\/festival-armoricourt.com\/#website","url":"https:\/\/festival-armoricourt.com\/","name":"Festival Armoricourt","description":"Decouvrir des courts m\u00e9trages de qualit\u00e9, et rencontrer ceux qui les font","publisher":{"@id":"https:\/\/festival-armoricourt.com\/#organization"},"potentialAction":[{"@type":"SearchAction","target":{"@type":"EntryPoint","urlTemplate":"https:\/\/festival-armoricourt.com\/?s={search_term_string}"},"query-input":{"@type":"PropertyValueSpecification","valueRequired":true,"valueName":"search_term_string"}}],"inLanguage":"fr-FR"},{"@type":"Organization","@id":"https:\/\/festival-armoricourt.com\/#organization","name":"Armoricourt","url":"https:\/\/festival-armoricourt.com\/","logo":{"@type":"ImageObject","inLanguage":"fr-FR","@id":"https:\/\/festival-armoricourt.com\/#\/schema\/logo\/image\/","url":"https:\/\/festival-armoricourt.com\/wp-content\/uploads\/2023\/10\/cropped-2023-logo-armoricourt-1280.jpg","contentUrl":"https:\/\/festival-armoricourt.com\/wp-content\/uploads\/2023\/10\/cropped-2023-logo-armoricourt-1280.jpg","width":1280,"height":351,"caption":"Armoricourt"},"image":{"@id":"https:\/\/festival-armoricourt.com\/#\/schema\/logo\/image\/"},"sameAs":["https:\/\/www.facebook.com\/armoricourt"]}]}},"_links":{"self":[{"href":"https:\/\/festival-armoricourt.com\/index.php\/wp-json\/wp\/v2\/pages\/6381","targetHints":{"allow":["GET"]}}],"collection":[{"href":"https:\/\/festival-armoricourt.com\/index.php\/wp-json\/wp\/v2\/pages"}],"about":[{"href":"https:\/\/festival-armoricourt.com\/index.php\/wp-json\/wp\/v2\/types\/page"}],"author":[{"embeddable":true,"href":"https:\/\/festival-armoricourt.com\/index.php\/wp-json\/wp\/v2\/users\/3"}],"replies":[{"embeddable":true,"href":"https:\/\/festival-armoricourt.com\/index.php\/wp-json\/wp\/v2\/comments?post=6381"}],"version-history":[{"count":1,"href":"https:\/\/festival-armoricourt.com\/index.php\/wp-json\/wp\/v2\/pages\/6381\/revisions"}],"predecessor-version":[{"id":10058,"href":"https:\/\/festival-armoricourt.com\/index.php\/wp-json\/wp\/v2\/pages\/6381\/revisions\/10058"}],"up":[{"embeddable":true,"href":"https:\/\/festival-armoricourt.com\/index.php\/wp-json\/wp\/v2\/pages\/6091"}],"wp:attachment":[{"href":"https:\/\/festival-armoricourt.com\/index.php\/wp-json\/wp\/v2\/media?parent=6381"}],"curies":[{"name":"wp","href":"https:\/\/api.w.org\/{rel}","templated":true}]}}