{"id":10463,"date":"2024-12-10T19:08:37","date_gmt":"2024-12-10T18:08:37","guid":{"rendered":"https:\/\/festival-armoricourt.com\/?page_id=10463"},"modified":"2024-12-10T19:08:38","modified_gmt":"2024-12-10T18:08:38","slug":"asso-armoricourt","status":"publish","type":"page","link":"https:\/\/festival-armoricourt.com\/index.php\/asso-armoricourt\/","title":{"rendered":"ASSO ARMORICOURT"},"content":{"rendered":"\n<p><strong>Armoricourt<\/strong> (contraction de Armorique et Court-m\u00e9trage) est une association qui \u0153uvre pour la promotion et la diffusion de films, particuli\u00e8rement le format court (moins de 60 minutes). Ce format tr\u00e8s cr\u00e9atif a, en effet (et on le regrette), tr\u00e8s peu de cr\u00e9neaux de diffusion dans les m\u00e9dias et dans les salles.<br><\/p>\n\n\n\n<p>L\u2019association organise des projections et des animations en C\u00f4tes d\u2019Armor, principalement sur le territoire du Tr\u00e9gor. L\u2019\u00e9v\u00e9nement majeur de l\u2019association est le Festival Armoricourt, qui a lieu chaque ann\u00e9e \u00e0 Plestin-les-Gr\u00e8ves.<\/p>\n\n\n\n<p><br>Armoricourt est l\u00e0 pour faire connaitre les <strong>films courts<\/strong>. Et comme les films ne se cr\u00e9ent pas tout seuls, le <strong>Festival Armoricourt<\/strong> permet \u00e9galement de rencontrer et d\u2019\u00e9changer avec les \u00e9quipes de r\u00e9alisation (r\u00e9alisateurs, producteurs, acteurs \u2026). D\u2019o\u00f9 sa devise : <em><strong>\u00abD\u00e9couvrir des films de qualit\u00e9 et rencontrer ceux qui les font\u00bb<\/strong><\/em><\/p>\n\n\n\n<figure class=\"wp-block-image size-full\"><img fetchpriority=\"high\" decoding=\"async\" width=\"800\" height=\"160\" src=\"https:\/\/festival-armoricourt.com\/wp-content\/uploads\/2022\/03\/armoricourt-bandeau-800-c.jpg\" alt=\"\" class=\"wp-image-9024\" srcset=\"https:\/\/festival-armoricourt.com\/wp-content\/uploads\/2022\/03\/armoricourt-bandeau-800-c.jpg 800w, https:\/\/festival-armoricourt.com\/wp-content\/uploads\/2022\/03\/armoricourt-bandeau-800-c-300x60.jpg 300w, https:\/\/festival-armoricourt.com\/wp-content\/uploads\/2022\/03\/armoricourt-bandeau-800-c-768x154.jpg 768w\" sizes=\"(max-width: 800px) 100vw, 800px\" \/><\/figure>\n","protected":false},"excerpt":{"rendered":"<p>Armoricourt (contraction de Armorique et Court-m\u00e9trage) est une association qui \u0153uvre pour la promotion et la diffusion de films, particuli\u00e8rement le format court (moins de 60 minutes). Ce format tr\u00e8s cr\u00e9atif a, en effet (et on le regrette), tr\u00e8s peu de cr\u00e9neaux de diffusion dans les m\u00e9dias et dans les salles. L\u2019association organise des projections [&hellip;]<\/p>\n","protected":false},"author":2,"featured_media":0,"parent":0,"menu_order":0,"comment_status":"closed","ping_status":"closed","template":"","meta":{"ocean_post_layout":"","ocean_both_sidebars_style":"","ocean_both_sidebars_content_width":0,"ocean_both_sidebars_sidebars_width":0,"ocean_sidebar":"","ocean_second_sidebar":"","ocean_disable_margins":"enable","ocean_add_body_class":"","ocean_shortcode_before_top_bar":"","ocean_shortcode_after_top_bar":"","ocean_shortcode_before_header":"","ocean_shortcode_after_header":"","ocean_has_shortcode":"","ocean_shortcode_after_title":"","ocean_shortcode_before_footer_widgets":"","ocean_shortcode_after_footer_widgets":"","ocean_shortcode_before_footer_bottom":"","ocean_shortcode_after_footer_bottom":"","ocean_display_top_bar":"default","ocean_display_header":"default","ocean_header_style":"","ocean_center_header_left_menu":"","ocean_custom_header_template":"","ocean_custom_logo":0,"ocean_custom_retina_logo":0,"ocean_custom_logo_max_width":0,"ocean_custom_logo_tablet_max_width":0,"ocean_custom_logo_mobile_max_width":0,"ocean_custom_logo_max_height":0,"ocean_custom_logo_tablet_max_height":0,"ocean_custom_logo_mobile_max_height":0,"ocean_header_custom_menu":"","ocean_menu_typo_font_family":"","ocean_menu_typo_font_subset":"","ocean_menu_typo_font_size":0,"ocean_menu_typo_font_size_tablet":0,"ocean_menu_typo_font_size_mobile":0,"ocean_menu_typo_font_size_unit":"px","ocean_menu_typo_font_weight":"","ocean_menu_typo_font_weight_tablet":"","ocean_menu_typo_font_weight_mobile":"","ocean_menu_typo_transform":"","ocean_menu_typo_transform_tablet":"","ocean_menu_typo_transform_mobile":"","ocean_menu_typo_line_height":0,"ocean_menu_typo_line_height_tablet":0,"ocean_menu_typo_line_height_mobile":0,"ocean_menu_typo_line_height_unit":"","ocean_menu_typo_spacing":0,"ocean_menu_typo_spacing_tablet":0,"ocean_menu_typo_spacing_mobile":0,"ocean_menu_typo_spacing_unit":"","ocean_menu_link_color":"","ocean_menu_link_color_hover":"","ocean_menu_link_color_active":"","ocean_menu_link_background":"","ocean_menu_link_hover_background":"","ocean_menu_link_active_background":"","ocean_menu_social_links_bg":"","ocean_menu_social_hover_links_bg":"","ocean_menu_social_links_color":"","ocean_menu_social_hover_links_color":"","ocean_disable_title":"default","ocean_disable_heading":"default","ocean_post_title":"","ocean_post_subheading":"","ocean_post_title_style":"","ocean_post_title_background_color":"","ocean_post_title_background":0,"ocean_post_title_bg_image_position":"","ocean_post_title_bg_image_attachment":"","ocean_post_title_bg_image_repeat":"","ocean_post_title_bg_image_size":"","ocean_post_title_height":0,"ocean_post_title_bg_overlay":0.5,"ocean_post_title_bg_overlay_color":"","ocean_disable_breadcrumbs":"default","ocean_breadcrumbs_color":"","ocean_breadcrumbs_separator_color":"","ocean_breadcrumbs_links_color":"","ocean_breadcrumbs_links_hover_color":"","ocean_display_footer_widgets":"default","ocean_display_footer_bottom":"default","ocean_custom_footer_template":"","footnotes":""},"class_list":["post-10463","page","type-page","status-publish","hentry","entry"],"yoast_head":"<!-- This site is optimized with the Yoast SEO plugin v27.0 - https:\/\/yoast.com\/product\/yoast-seo-wordpress\/ -->\n<title>ASSO ARMORICOURT - Festival Armoricourt<\/title>\n<meta name=\"robots\" content=\"index, follow, max-snippet:-1, max-image-preview:large, max-video-preview:-1\" \/>\n<link rel=\"canonical\" href=\"https:\/\/festival-armoricourt.com\/index.php\/asso-armoricourt\/\" \/>\n<meta property=\"og:locale\" content=\"fr_FR\" \/>\n<meta property=\"og:type\" content=\"article\" \/>\n<meta property=\"og:title\" content=\"ASSO ARMORICOURT - Festival Armoricourt\" \/>\n<meta property=\"og:description\" content=\"Armoricourt (contraction de Armorique et Court-m\u00e9trage) est une association qui \u0153uvre pour la promotion et la diffusion de films, particuli\u00e8rement le format court (moins de 60 minutes). Ce format tr\u00e8s cr\u00e9atif a, en effet (et on le regrette), tr\u00e8s peu de cr\u00e9neaux de diffusion dans les m\u00e9dias et dans les salles. L\u2019association organise des projections [&hellip;]\" \/>\n<meta property=\"og:url\" content=\"https:\/\/festival-armoricourt.com\/index.php\/asso-armoricourt\/\" \/>\n<meta property=\"og:site_name\" content=\"Festival Armoricourt\" \/>\n<meta property=\"article:publisher\" content=\"https:\/\/www.facebook.com\/armoricourt\" \/>\n<meta property=\"article:modified_time\" content=\"2024-12-10T18:08:38+00:00\" \/>\n<meta property=\"og:image\" content=\"https:\/\/festival-armoricourt.com\/wp-content\/uploads\/2022\/03\/armoricourt-bandeau-800-c.jpg\" \/>\n\t<meta property=\"og:image:width\" content=\"800\" \/>\n\t<meta property=\"og:image:height\" content=\"160\" \/>\n\t<meta property=\"og:image:type\" content=\"image\/jpeg\" \/>\n<meta name=\"twitter:card\" content=\"summary_large_image\" \/>\n<meta name=\"twitter:label1\" content=\"Dur\u00e9e de lecture estim\u00e9e\" \/>\n\t<meta name=\"twitter:data1\" content=\"1 minute\" \/>\n<script type=\"application\/ld+json\" class=\"yoast-schema-graph\">{\"@context\":\"https:\/\/schema.org\",\"@graph\":[{\"@type\":\"WebPage\",\"@id\":\"https:\/\/festival-armoricourt.com\/index.php\/asso-armoricourt\/\",\"url\":\"https:\/\/festival-armoricourt.com\/index.php\/asso-armoricourt\/\",\"name\":\"ASSO ARMORICOURT - Festival Armoricourt\",\"isPartOf\":{\"@id\":\"https:\/\/festival-armoricourt.com\/#website\"},\"primaryImageOfPage\":{\"@id\":\"https:\/\/festival-armoricourt.com\/index.php\/asso-armoricourt\/#primaryimage\"},\"image\":{\"@id\":\"https:\/\/festival-armoricourt.com\/index.php\/asso-armoricourt\/#primaryimage\"},\"thumbnailUrl\":\"https:\/\/festival-armoricourt.com\/wp-content\/uploads\/2022\/03\/armoricourt-bandeau-800-c.jpg\",\"datePublished\":\"2024-12-10T18:08:37+00:00\",\"dateModified\":\"2024-12-10T18:08:38+00:00\",\"breadcrumb\":{\"@id\":\"https:\/\/festival-armoricourt.com\/index.php\/asso-armoricourt\/#breadcrumb\"},\"inLanguage\":\"fr-FR\",\"potentialAction\":[{\"@type\":\"ReadAction\",\"target\":[\"https:\/\/festival-armoricourt.com\/index.php\/asso-armoricourt\/\"]}]},{\"@type\":\"ImageObject\",\"inLanguage\":\"fr-FR\",\"@id\":\"https:\/\/festival-armoricourt.com\/index.php\/asso-armoricourt\/#primaryimage\",\"url\":\"https:\/\/festival-armoricourt.com\/wp-content\/uploads\/2022\/03\/armoricourt-bandeau-800-c.jpg\",\"contentUrl\":\"https:\/\/festival-armoricourt.com\/wp-content\/uploads\/2022\/03\/armoricourt-bandeau-800-c.jpg\",\"width\":800,\"height\":160},{\"@type\":\"BreadcrumbList\",\"@id\":\"https:\/\/festival-armoricourt.com\/index.php\/asso-armoricourt\/#breadcrumb\",\"itemListElement\":[{\"@type\":\"ListItem\",\"position\":1,\"name\":\"Accueil\",\"item\":\"https:\/\/festival-armoricourt.com\/\"},{\"@type\":\"ListItem\",\"position\":2,\"name\":\"ASSO ARMORICOURT\"}]},{\"@type\":\"WebSite\",\"@id\":\"https:\/\/festival-armoricourt.com\/#website\",\"url\":\"https:\/\/festival-armoricourt.com\/\",\"name\":\"Festival Armoricourt\",\"description\":\"Decouvrir des courts m\u00e9trages de qualit\u00e9, et rencontrer ceux qui les font\",\"publisher\":{\"@id\":\"https:\/\/festival-armoricourt.com\/#organization\"},\"potentialAction\":[{\"@type\":\"SearchAction\",\"target\":{\"@type\":\"EntryPoint\",\"urlTemplate\":\"https:\/\/festival-armoricourt.com\/?s={search_term_string}\"},\"query-input\":{\"@type\":\"PropertyValueSpecification\",\"valueRequired\":true,\"valueName\":\"search_term_string\"}}],\"inLanguage\":\"fr-FR\"},{\"@type\":\"Organization\",\"@id\":\"https:\/\/festival-armoricourt.com\/#organization\",\"name\":\"Armoricourt\",\"url\":\"https:\/\/festival-armoricourt.com\/\",\"logo\":{\"@type\":\"ImageObject\",\"inLanguage\":\"fr-FR\",\"@id\":\"https:\/\/festival-armoricourt.com\/#\/schema\/logo\/image\/\",\"url\":\"https:\/\/festival-armoricourt.com\/wp-content\/uploads\/2023\/10\/cropped-2023-logo-armoricourt-1280.jpg\",\"contentUrl\":\"https:\/\/festival-armoricourt.com\/wp-content\/uploads\/2023\/10\/cropped-2023-logo-armoricourt-1280.jpg\",\"width\":1280,\"height\":351,\"caption\":\"Armoricourt\"},\"image\":{\"@id\":\"https:\/\/festival-armoricourt.com\/#\/schema\/logo\/image\/\"},\"sameAs\":[\"https:\/\/www.facebook.com\/armoricourt\"]}]}<\/script>\n<!-- \/ Yoast SEO plugin. -->","yoast_head_json":{"title":"ASSO ARMORICOURT - Festival Armoricourt","robots":{"index":"index","follow":"follow","max-snippet":"max-snippet:-1","max-image-preview":"max-image-preview:large","max-video-preview":"max-video-preview:-1"},"canonical":"https:\/\/festival-armoricourt.com\/index.php\/asso-armoricourt\/","og_locale":"fr_FR","og_type":"article","og_title":"ASSO ARMORICOURT - Festival Armoricourt","og_description":"Armoricourt (contraction de Armorique et Court-m\u00e9trage) est une association qui \u0153uvre pour la promotion et la diffusion de films, particuli\u00e8rement le format court (moins de 60 minutes). Ce format tr\u00e8s cr\u00e9atif a, en effet (et on le regrette), tr\u00e8s peu de cr\u00e9neaux de diffusion dans les m\u00e9dias et dans les salles. L\u2019association organise des projections [&hellip;]","og_url":"https:\/\/festival-armoricourt.com\/index.php\/asso-armoricourt\/","og_site_name":"Festival Armoricourt","article_publisher":"https:\/\/www.facebook.com\/armoricourt","article_modified_time":"2024-12-10T18:08:38+00:00","og_image":[{"width":800,"height":160,"url":"https:\/\/festival-armoricourt.com\/wp-content\/uploads\/2022\/03\/armoricourt-bandeau-800-c.jpg","type":"image\/jpeg"}],"twitter_card":"summary_large_image","twitter_misc":{"Dur\u00e9e de lecture estim\u00e9e":"1 minute"},"schema":{"@context":"https:\/\/schema.org","@graph":[{"@type":"WebPage","@id":"https:\/\/festival-armoricourt.com\/index.php\/asso-armoricourt\/","url":"https:\/\/festival-armoricourt.com\/index.php\/asso-armoricourt\/","name":"ASSO ARMORICOURT - Festival Armoricourt","isPartOf":{"@id":"https:\/\/festival-armoricourt.com\/#website"},"primaryImageOfPage":{"@id":"https:\/\/festival-armoricourt.com\/index.php\/asso-armoricourt\/#primaryimage"},"image":{"@id":"https:\/\/festival-armoricourt.com\/index.php\/asso-armoricourt\/#primaryimage"},"thumbnailUrl":"https:\/\/festival-armoricourt.com\/wp-content\/uploads\/2022\/03\/armoricourt-bandeau-800-c.jpg","datePublished":"2024-12-10T18:08:37+00:00","dateModified":"2024-12-10T18:08:38+00:00","breadcrumb":{"@id":"https:\/\/festival-armoricourt.com\/index.php\/asso-armoricourt\/#breadcrumb"},"inLanguage":"fr-FR","potentialAction":[{"@type":"ReadAction","target":["https:\/\/festival-armoricourt.com\/index.php\/asso-armoricourt\/"]}]},{"@type":"ImageObject","inLanguage":"fr-FR","@id":"https:\/\/festival-armoricourt.com\/index.php\/asso-armoricourt\/#primaryimage","url":"https:\/\/festival-armoricourt.com\/wp-content\/uploads\/2022\/03\/armoricourt-bandeau-800-c.jpg","contentUrl":"https:\/\/festival-armoricourt.com\/wp-content\/uploads\/2022\/03\/armoricourt-bandeau-800-c.jpg","width":800,"height":160},{"@type":"BreadcrumbList","@id":"https:\/\/festival-armoricourt.com\/index.php\/asso-armoricourt\/#breadcrumb","itemListElement":[{"@type":"ListItem","position":1,"name":"Accueil","item":"https:\/\/festival-armoricourt.com\/"},{"@type":"ListItem","position":2,"name":"ASSO ARMORICOURT"}]},{"@type":"WebSite","@id":"https:\/\/festival-armoricourt.com\/#website","url":"https:\/\/festival-armoricourt.com\/","name":"Festival Armoricourt","description":"Decouvrir des courts m\u00e9trages de qualit\u00e9, et rencontrer ceux qui les font","publisher":{"@id":"https:\/\/festival-armoricourt.com\/#organization"},"potentialAction":[{"@type":"SearchAction","target":{"@type":"EntryPoint","urlTemplate":"https:\/\/festival-armoricourt.com\/?s={search_term_string}"},"query-input":{"@type":"PropertyValueSpecification","valueRequired":true,"valueName":"search_term_string"}}],"inLanguage":"fr-FR"},{"@type":"Organization","@id":"https:\/\/festival-armoricourt.com\/#organization","name":"Armoricourt","url":"https:\/\/festival-armoricourt.com\/","logo":{"@type":"ImageObject","inLanguage":"fr-FR","@id":"https:\/\/festival-armoricourt.com\/#\/schema\/logo\/image\/","url":"https:\/\/festival-armoricourt.com\/wp-content\/uploads\/2023\/10\/cropped-2023-logo-armoricourt-1280.jpg","contentUrl":"https:\/\/festival-armoricourt.com\/wp-content\/uploads\/2023\/10\/cropped-2023-logo-armoricourt-1280.jpg","width":1280,"height":351,"caption":"Armoricourt"},"image":{"@id":"https:\/\/festival-armoricourt.com\/#\/schema\/logo\/image\/"},"sameAs":["https:\/\/www.facebook.com\/armoricourt"]}]}},"_links":{"self":[{"href":"https:\/\/festival-armoricourt.com\/index.php\/wp-json\/wp\/v2\/pages\/10463","targetHints":{"allow":["GET"]}}],"collection":[{"href":"https:\/\/festival-armoricourt.com\/index.php\/wp-json\/wp\/v2\/pages"}],"about":[{"href":"https:\/\/festival-armoricourt.com\/index.php\/wp-json\/wp\/v2\/types\/page"}],"author":[{"embeddable":true,"href":"https:\/\/festival-armoricourt.com\/index.php\/wp-json\/wp\/v2\/users\/2"}],"replies":[{"embeddable":true,"href":"https:\/\/festival-armoricourt.com\/index.php\/wp-json\/wp\/v2\/comments?post=10463"}],"version-history":[{"count":1,"href":"https:\/\/festival-armoricourt.com\/index.php\/wp-json\/wp\/v2\/pages\/10463\/revisions"}],"predecessor-version":[{"id":10464,"href":"https:\/\/festival-armoricourt.com\/index.php\/wp-json\/wp\/v2\/pages\/10463\/revisions\/10464"}],"wp:attachment":[{"href":"https:\/\/festival-armoricourt.com\/index.php\/wp-json\/wp\/v2\/media?parent=10463"}],"curies":[{"name":"wp","href":"https:\/\/api.w.org\/{rel}","templated":true}]}}